 q*a, 5*a - 4 = -4*d. What is the units digit of d?
1
Let g = 203 - -7. What is the tens digit of g?
1
Suppose 3*x - x = 464. What is the tens digit of x?
3
Let j(v) be the first derivative of 2*v + 0*v**2 - 2 - 8*v + v**2. What is the units digit of j(5)?
4
Let v(i) = i**2 + 8*i - 11. What is the units digit of v(-10)?
9
Suppose -d = 5*g - 23, 3*d = 4*d + 2*g - 35. What is the units digit of d?
3
Let l = 11 + -11. Suppose 2*o - 4*m = 22, l = -3*o + m + 38. What is the tens digit of o?
1
Let h(y) = 5*y**3 - y**2 - 1. What is the units digit of h(2)?
5
Let a = -20 + 20. What is the tens digit of (-2 - -43) + a + 0?
4
Let l = 253 - 89. What is the tens digit of l?
6
Let d(b) = -b + 2*b + b**3 - 6*b + 4 - b**2. Let r be d(3). Let a = 13 - r. What is the units digit of a?
6
Suppose 0 = 5*a - 6*a - d - 6, 0 = 2*d - 2. Let x = 10 + a. Suppose x*s - 4*m = 2, 3*s - m - 38 = -6*m. What is the units digit of s?
6
Suppose -4*u - 20 = 0, -2*q + 4*q + 2*u + 6 = 0. What is the units digit of q/6*3 + 1?
2
Suppose 4*l - 7 = -3. Let t be (6*-1 + l)*-1. Suppose 0 = -a + 3*a - t*h - 29, 2*a + 1 = -h. What is the units digit of a?
2
Let l = -117 - -254. What is the hundreds digit of l?
1
Suppose 0*t = -3*t + 27. Let i = t - -2. What is the tens digit of i?
1
Suppose 0 = 3*x + 2*x - 25. Suppose 0*u = 5*g - 3*u - 11, 10 = -x*u. Suppose -4*o = -g - 11. What is the units digit of o?
3
Suppose -42 = -2*w + 2*r, 3*r + 2*r = -4*w + 93. Suppose -2*i - 1 = -d, 4*d + 2*i - w = i. What is the units digit of d?
5
Let s(j) = j**3 - 6*j**2 + 5*j. Let l = 11 + -6. Let t be s(l). Suppose p + d = t, 4*d - 2 = -4*p + 2*d. What is the units digit of p?
1
Let f(t) = 3*t - 10. Let v be f(-7). Let c = v + 65. What is the tens digit of c?
3
Suppose 3*v = 4*v + 2*d + 34, 5*v = -5*d - 185. Let k be (-2)/5 + v/25. What is the units digit of 5/(5/8) + k?
6
Suppose -5*i = -5, i = 2*m - 0*m - 29. Suppose 5*g - 4*g - m = r, 4*g - 24 = -5*r. What is the tens digit of g?
1
Let o(d) = -2*d - 7. Let m be (-26)/(-6) - (-16)/24. Let i(y) = y**2 - 5*y - 5. Let n be i(m). What is the units digit of o(n)?
3
Suppose -3*g + g = -94. What is the tens digit of g?
4
Let m(x) be the second derivative of -x**5/20 - 7*x**4/12 - x**3/6 - 5*x**2/2 + 2*x. Let d be m(-7). Suppose d*r = -2*r + 20. What is the units digit of r?
5
Let v = -12 + 20. What is the units digit of v?
8
Let v(y) = -5*y**2 + 3*y - 2. Let r be v(2). What is the units digit of ((-4)/r)/(2/8)?
1
Let p = -8 + 9. What is the units digit of 708/18 + p/(-3)?
9
Let i = 8 + -18. Let w = i + 0. What is the units digit of ((-15)/w)/((-3)/(-4))?
2
Suppose 0 = 7*m - 2*m - 60. Suppose 0*z - m = 4*z, -4*k + 3*z + 9 = 0. Suppose k*t - 3*t = -42. What is the units digit of t?
4
Suppose 5*n - 2*n - 1227 = 0. What is the tens digit of n?
0
Let z(h) = -h**3 - h**2 + 2*h - 8. Let v = -13 + 9. What is the units digit of z(v)?
2
Let h = -6 + 22. Let m = h + -6. What is the tens digit of m?
1
Suppose u = 3*k + 16, 4 = u + 5*k + 12. What is the units digit of u?
7
Let p = -50 + 28. Let r = p + 31. What is the units digit of r?
9
Suppose -6*w = -w. Suppose 3*t - 21 = j + 2*j, -3*j - 3 = w. What is the units digit of t?
6
Suppose 0 = 2*p - 7*p. Suppose 10 + p = 5*c. Suppose -3*s - c = -4*s. What is the units digit of s?
2
What is the tens digit of 8/((1 - 4)/(-12))?
3
What is the tens digit of 993/27 - 10/(-45)?
3
Suppose 0*r - 5*r + 15 = 0. Suppose -5*u + 2*z + 147 = 0, r*z = -u + 6*z + 32. What is the units digit of u?
9
Let u(g) = -g - 5. Let v be u(-10). Let q = v + -2. What is the units digit of q?
3
Let z = 191 + -122. What is the tens digit of z?
6
Suppose 7*x - 4*x = 141. What is the tens digit of x?
4
What is the units digit of 168/36 - 1/(-6)*2?
5
Suppose -27 = 2*i - 167. What is the tens digit of i?
7
Let r = 11 - 10. What is the units digit of r?
1
Suppose 0 = -0*d + 4*d - 164. What is the units digit of d?
1
Suppose 2*b + 2*m - 108 = 0, 0 = -0*b - b + 3*m + 46. What is the tens digit of b?
5
